2 + 1818*v - 99. Determine w(-107).
8
Let n(x) = -2*x**3 + 4*x**2 - 8*x. What is n(3)?
-42
Let c(j) = 8*j**2 - 500*j - 242. Give c(63).
10
Let h(l) = 2777*l - 8316. Determine h(3).
15
Let l(r) = -14*r**3 - 219*r**2 - 229*r - 11. Calculate l(-1).
13
Let y(n) = 4*n**2 + 606*n + 312. Give y(-151).
10
Let l(s) = -s**2 - 54*s + 5672. Determine l(53).
1
Let l(u) = -3*u**2 - 312*u - 2587. What is l(-8)?
-283
Let n(x) = -2*x**3 - 103*x**2 - 49*x + 103. What is n(-51)?
1
Let v(d) = 200*d + 2388. Determine v(-12).
-12
Let v(q) = -14*q + 435. Give v(6).
351
Let j(w) = 6*w**2 + 7*w - 1. Determine j(-5).
114
Let l(d) = d**2 - 14*d + 140. Determine l(7).
91
Let m(t) = -236*t + 1672. Give m(7).
20
Let n(g) = -85*g + 2630. Give n(31).
-5
Let j(b) = -b + 26. Determine j(7).
19
Let v(q) = -q**3 + 46*q**2 - 3*q + 169. Determine v(46).
31
Let k(z) = 41*z - 2912. What is k(72)?
40
Let i(f) = 297*f - 11303. Give i(38).
-17
Let q(d) = -8*d**3 - 38*d**2 + 12*d + 24. Determine q(-5).
14
Let z(l) = 3*l**3 + 52*l**2 - 74*l - 679. What is z(-18)?
5
Let j(q) = 300*q**3 - 17*q - 15. Determine j(-1).
-298
Let q(f) = f**2 + 116*f + 3340. Calculate q(-61).
-15
Let q(z) = -5*z**2 + 6*z + 12. Give q(4).
-44
Let z(a) = -239*a - 7410. Determine z(-31).
-1
Let v(a) = 5*a**2 - 2*a + 2. Calculate v(4).
74
Let a(f) = 31*f**2 - 43*f - 18. Calculate a(2).
20
Let r(g) = -g**3 - 11*g**2 - 6*g - 16. Determine r(-10).
-56
Let q(m) = -2*m**3 + 123*m + 1. Calculate q(0).
1
Let j(y) = 53*y - 520. Give j(10).
10
Let k(c) = 2*c**2 - 15*c - 270. Determine k(16).
2
Let h(o) = 24*o + 372. What is h(-24)?
-204
Let i(v) = v**2 + 197*v - 20404. Determine i(75).
-4
Let x(p) = 9*p - 99. Give x(16).
45
Let r(h) = h**3 - 39*h**2 - 555*h + 198. Determine r(50).
-52
Let y(z) = -3*z**2 - 468*z - 4779. Calculate y(-11).
6
Let i(z) = -2*z**2 + 2802*z - 13968. Calculate i(5).
-8
Let m(n) = 7*n**2 + 8*n - 466. Give m(-9).
29
Let m(d) = -124*d - 472. Give m(-4).
24
Let j(d) = 2*d**2 + 2*d - 79. Give j(-10).
101
Let y(m) = m**2 + m - 1797. Calculate y(-43).
9
Let m(s) = 5*s**2 + 65*s - 157. Give m(2).
-7
Let l(x) = -35*x + 3985. What is l(114)?
-5
Let s(c) = c**2 - 125*c + 1237. Determine s(114).
-17
Let m(u) = -3*u**2 - 16*u + 73. Calculate m(4).
-39
Let x(t) = -t**3 - 129*t**2 + 1854*t - 106. Determine x(13).
-2
Let z(j) = j + 3. Calculate z(-8).
-5
Let o(s) = -s**3 + 15*s**2 - 50*s + 5. Determine o(10).
5
Let x(w) = w**2 - 18*w + 52. Calculate x(4).
-4
Let y(n) = -4*n**2 + 413*n + 8037. Calculate y(120).
-3
Let d(h) = -h**3 - 16*h**2 - 46*h + 13. Give d(-11).
-86
Let g(o) = 2*o - 119. Determine g(43).
-33
Let f(c) = -2*c**3 - 5*c**2 + 39*c - 164. Give f(5).
-344
Let m(h) = -h**3 - 3*h**2 - 115*h + 11. Give m(0).
11
Let t(m) = 13307*m - 13304. What is t(1)?
3
Let a(r) = 7641*r - 22937. Give a(3).
-14
Let i(n) = 63*n - 3714. What is i(59)?
3
Let o(y) = -y**3 + 11*y**2 + 161*y - 1718. What is o(12)?
70
Let f(z) = -z**3 - 9*z**2 + 15*z - 53. Calculate f(7).
-732
Let z(b) = -b**3 + 31*b**2 + 32*b + 20. Give z(32).
20
Let o(t) = 3*t**3 - t**2 - 14*t + 23. Calculate o(2).
15
Let o(q) = 2*q + 1071. What is o(9)?
1089
Let j(u) = 3*u**2 - 30*u + 5. Give j(10).
5
Let o(p) = -p**3 - 86*p**2 + 89*p + 43. What is o(-87)?
-131
Let p(c) = -c**3 + 11*c**2 - 6*c + 5. Calculate p(4).
93
Let b(y) = -2*y - 64. Give b(-47).
30
Let n(j) = -j**3 + 32*j**2 + 19*j - 611. Determine n(32).
-3
Let j(r) = 3*r**3 + 19*r**2 + 11*r + 66. Calculate j(-6).
36
Let b(d) = -50*d + 1422. Calculate b(50).
-1078
Let z(i) = 17*i - 73. Determine z(4).
-5
Let d(q) = 239*q + 12668. Determine d(-53).
1
Let h(t) = t**3 + 516*t**2 - t - 11. Calculate h(0).
-11
Let u(i) = -16*i**2 - 58*i + 929. What is u(6)?
5
Let s(r) = -33*r + 2569. Determine s(78).
-5
Let p(v) = -6*v**2 - 38*v + 252. What is p(-10)?
32
Let q(m) = 9*m + 40. Determine q(-3).
13
Let g(t) = -2*t**2 - 152*t + 68. What is g(-81)?
-742
Let o(x) = x**2 - 101*x - 986. What is o(-9)?
4
Let v(w) = -8*w**2 + 95*w + 11. Calculate v(12).
-1
Let p(v) = -4*v**2 - 235*v - 2231. What is p(-12)?
13
Let r(v) = -v**3 - 17*v**2 + 40*v + 653. What is r(-17)?
-27
Let d(q) = -q**3 - 141*q**2 - 552*q - 540. Calculate d(-137).
8
Let s(o) = -o**3 + 66*o**2 - 65*o + 66. Give s(65).
66
Let d(n) = -n**2 - 382*n + 2726. Give d(7).
3
Let m(x) = x**3 + 8*x**2 - x + 71. Give m(-9).
-1
Let t(a) = 4454*a + 13345. Calculate t(-3).
-17
Let u(o) = -6*o**3 + 58*o**2 + 88*o + 2. Give u(11).
2
Let q(k) = -6*k**3 + 44*k**2 - 47*k + 217. Give q(7).
-14
Let j(f) = f**3 + 105*f**2 - 316*f + 845. Determine j(-108).
-19
Let q(l) = 25*l + 311. Calculate q(-13).
-14
Let h(o) = 8*o - 150. Determine h(17).
-14
Let p(w) = -w**3 - 64*w**2 + w + 19. Determine p(-64).
-45
Let d(f) = 6*f - 119. Determine d(22).
13
Let l(i) = -i**3 + 27*i**2 - 144*i + 98. Give l(6).
-10
Let m(w) = 9*w + 100. Calculate m(-19).
-71
Let v(p) = 3*p**3 - 37*p**2 + 16*p - 5. Give v(12).
43
Let t(z) = -z**2 - 42*z - 105. Give t(-39).
12
Let g(y) = 174*y + 5. What is g(-2)?
-343
Let i(l) = -380*l + 1904. Give i(5).
4
Let k(g) = -196*g + 3324. What is k(17)?
-8
Let i(c) = -c**3 - 38*c**2 + 1665*c - 26. Give i(26).
0
Let q(v) = 3*v**3 - 123*v**2 - 1. What is q(41)?
-1
Let f(b) = 290*b - 16534. Determine f(57).
-4
Let w(d) = -d**3 + d**2 + 22*d. Give w(-7).
238
Let t(h) = 14*h + 91. Calculate t(-27).
-287
Let w(a) = 186*a - 3214. Determine w(19).
320
Let l(m) = -m**2 - 117*m + 39626. What is l(-266)?
-8
Let w(j) = 4*j**2 + 4*j - 249. Give w(8).
39
Let q(b) = 2*b**2 + 159*b + 574. Determine q(-73).
-375
Let t(n) = n**3 - 15*n**2 - 54*n - 45. Give t(18).
-45
Let o(k) = -k**2 - 25*k - 32. Determine o(-23).
14
Let d(k) = 343*k + 40135. Give d(-117).
4
Let b(d) = -2*d**3 + 17*d**2 + 26*d + 13. Calculate b(10).
-27
Let q(a) = 6*a**2 - 5*a + 4. Give q(-6).
250
Let r(h) = -3*h**3 - 22*h**2 - 16*h + 14. Determine r(-6).
-34
Let i(a) = 83*a**2 + 24*a - 54. Calculate i(2).
326
Let h(x) = 3*x**2 + 7*x - 31. Calculate h(2).
-5
Let y(b) = -b**3 - 9*b**2 - 14*b - 12. Determine y(-8).
36
Let m(u) = 15*u**2 + 121*u. What is m(-8)?
-8
Let m(n) = -n**3 - 7*n**2 - 16*n - 24. Calculate m(-4).
-8
Let h(v) = -v**3 + 5*v**2 + 40*v - 112. Give h(8).
16
Let k(r) = 12*r**2 - 39*r + 9. Determine k(2).
-21
Let m(k) = k**3 - 42*k**2 + 55*k - 651. Determine m(41).
-77
Let l(o) = 2*o**2 + 141*o + 21. What is l(-71)?
92
Let k(f) = f**3 + 32*f**2 - 31*f + 58. Give k(-33).
-8
Let r(f) = -f**3 - 2*f**2 + 132*f + 674. Determine r(-6).
26
Let z(k) = 2268*k + 13604. Calculate z(-6).
-4
Let u(c) = -c**3 + 31*c**2 - 3*c + 129. Determine u(31).
36
Let d(p) = 2*p**2 + 126*p + 241. Determine d(-61).
-3
Let p(c) = 62*c + 435. Calculate p(-8).
-61
Let w(j) = 35*j - 5561. Calculate w(159).
4
Let f(u) = -14*u - 41. Give f(-17).
197
Let f(c) = -2*c**2 - 1259*c - 3772. Give f(-3).
-13
Let i(p) = -2*p**2 + 162*p - 3065. What is i(51)?
-5
Let y(a) = -a**2 + 129*a - 1266. Calculate y(117).
138
Let x(g) = -g**3 - 10*g**2 - 22*g + 2. What is x(-7)?
9
Let h(g) = -3280*g + 9827. Determine h(3).
-13
Let p(f) = 503*f + 6050. Determine p(-12).
14
Let l(q) = -11*q - 26. Calculate l(-11).
95
Let c(q) = 6*q + 142. Calculate c(-30).
-38
Let k(l) = -390*l - 104. What is k(1)?
-494
Let c(t) = -t**3 + 71*t**2 + 191*t - 3290. Calculate c(73).
-5
Let r(y) = -190*y - 1538. Give r(-8).
-18
Let w(g) = g**3 - 93*g**2 + 101*g - 829. Calculate w(92).
-1
Let z(l) = -9*l**2 + 23*l - 48. Give z(3).
-60
Let j(r) = 8*r**2 - 327*r + 16. What is j(41)?
57
Let u(o) = -2*o**3 + 7*o**2 + 3*o - 24. Determine u(2).
-6
Let h(j) = -34*j**2 - 856*j - 145. Calculate h(-25).
5
Let q(j) = -405*j - 6108. Give q(-15).
-33
Let f(h) = -117*h - 10759. Give f(-92).
5
Let z(t) = 3*t**2 - 83*t + 76. What is z(25)?
-124
Let p(h) = -4*h**2 + 54*h + 70. Determine p(13).
96
Let r(m) = -13*m**2 + 223*m - 252. Give r(16).
-12
Let t(m) = m**2 + 69*m + 388. Determine t(-6).
10
Let f(t) = t**2 + 940*t - 3771. Calculate f(4).
5
Let p(v) = 1263*v + 7594. Calculate p(-6).
16
Let r(v) = 35*v + 62. What is r(-2)?
-8
Let x(c) = 131*c - 1177. Determine x(9).
2
Let a(o) = -342*o**2 - 1030*o - 7. Calculate a(-3).
5
Let l(b) = -b**3 - 4*b**2 + 53*b + 10. What is l(6)?
-32
Let i(l) = -l**3 - 60*l**2 - 64*l + 215. What is i(-59)?
510
Let g(q) = -12*q - 412. Calculate g(-33).
-16
Let v(u) 